4))*2. Suppose -43 = -4*t - 5*l + 4, -2*t + 10 = -2*l. What is the greatest common divisor of u and t?
8
Suppose 2*i - 3 = 7. Suppose i*m = q + q - 487, -q + 221 = 2*m. Let r be q/(-9)*-1*3. What is the highest common divisor of r and 7?
7
Suppose -3*h + 77 = -0*p + 5*p, 2*p = 4*h - 94. What is the greatest common divisor of 32 and h?
8
Let j(y) = 10*y**2 + y - 2. Let x be j(2). Suppose -38*u + 35*u = -12. Calculate the greatest common factor of x and u.
4
Let c be (-915)/(-6) - (-3)/(-6). Calculate the greatest common factor of c and 19.
19
Let v(s) = -6 + 2 + 3 + 5*s**2 + 6 + s**3 + 2*s. Let r be v(-4). What is the highest common factor of r and 104?
13
Suppose -4*j = 4*u - 64, 3*u + u = 2*j - 32. Suppose -5*v - 110 = -2*b, 8 = -3*v + 2. Let k = 90 - b. Calculate the highest common factor of j and k.
8
Let l be 24*(-20)/(-3) + 1. Suppose a = -5*q - 2*a + 100, 0 = 4*q + 4*a - 72. What is the greatest common factor of l and q?
23
Suppose 0 = -4*b + 124 - 20. Suppose 4*v = -36 + 192. Calculate the greatest common divisor of b and v.
13
Suppose 0 = -4*t + 4, -4*d + 2*t = -142. Let k = d - 21. What is the greatest common divisor of k and 5?
5
Let t = 9 - -1. What is the greatest common divisor of 70 and t?
10
Suppose -m = 13*m - 420. What is the highest common factor of m and 20?
10
Suppose b + 4 = -2*k - 0, 5*b - 1 = -3*k. Let z be (-1506)/(-9) - 2/k. Suppose 4*n = 56 + z. What is the greatest common factor of 7 and n?
7
Let f be 348/18 - (-2)/3. Let y be (-4)/f + 572/10. What is the greatest common factor of 38 and y?
19
Let u = 25 + -5. What is the highest common divisor of u and 10?
10
Suppose 0 = -8*w + 2*w + 12. What is the highest common divisor of 8 and w?
2
Suppose 0*m + 4*m = -2*u + 408, 400 = 4*m + 4*u. Suppose -4*r + 130 = 6*r. Calculate the greatest common divisor of m and r.
13
Let g be (1/3)/((-2)/(-18)). Suppose g*s - 98 = -254. Let n = s + 97. What is the highest common divisor of n and 5?
5
Let k(m) = -m + 140. Let o be k(0). Let l(j) = -4*j. Let h be l(-5). What is the highest common factor of h and o?
20
Let j be (-2 + 4)*(-2)/(-2). Suppose -7*w + 4*d = -j*w - 417, 5*d = w - 75. Calculate the highest common divisor of 17 and w.
17
Let u(a) = 22*a - 2. Let k be u(6). Calculate the greatest common divisor of k and 52.
26
Let a = 37 + 5. What is the greatest common factor of a and 14?
14
Let d(u) = -u**3 - 8*u**2 - 15*u - 5. Let o be d(-6). What is the highest common factor of 104 and o?
13
Suppose -4*y = -3*i - 14, -3*y + 18 + 3 = 3*i. Let w(z) = 2 + 6 - z**2 - y*z - z + 0*z. Let x be w(-6). Calculate the highest common divisor of 1 and x.
1
Let f = 132 + -107. Calculate the highest common divisor of f and 200.
25
Suppose 2*r - 3*a - 37 = 33, -2*r + 72 = -2*a. Suppose -t = -j - 138, 2*j + 242 = 3*t - r. Let k = j - -267. What is the greatest common divisor of k and 19?
19
Let h be 290/35 + 4/(-14). Suppose 128 = 5*x - 7. Suppose -x = -c - 7. What is the highest common factor of c and h?
4
Suppose -2*g = -19 - 9. Let s = g - -1. What is the highest common factor of 90 and s?
15
Let d(f) = 8*f**2 - 17. Let v be d(8). Calculate the greatest common factor of v and 45.
45
Let o(i) = -14*i + 10. Let a be o(-5). Calculate the highest common divisor of a and 20.
20
Let o(r) be the first derivative of -r**3/3 + 5*r**2 - 9*r + 2. Let w be o(9). Suppose 2*s - 5*s + 33 = w. What is the highest common factor of 11 and s?
11
Let w(g) = -g**3 - 27*g**2 - 2*g - 39. Let x be w(-27). Let q = 3 + -13. Let i = -7 - q. Calculate the highest common divisor of i and x.
3
Let v(b) = -b - 3. Let a be v(-4). Let r(i) = 4*i**2 - 4*i + 3. Let t = 0 - -2. Let m be r(t). What is the highest common factor of m and a?
1
Let g = 7 - 3. Suppose d + 5*i = -16, g*d - 2*i - 36 + 12 = 0. Suppose -d*p + 892 = 144. Calculate the greatest common divisor of 17 and p.
17
Let o = -5 + 27. Suppose -i = -0*i - o. What is the greatest common divisor of 242 and i?
22
Let r(l) = -11 + l + 1 - 3*l - 3*l. Let c be r(-4). What is the greatest common factor of c and 40?
10
Let k be 0 - (-3)/((-6)/(-20)). Let t be 3/1 + -2 + k. Calculate the highest common factor of t and 44.
11
Let j(t) = -t**3 - 6*t**2 - 5*t - 8. Let c be j(-6). Let d(a) = -7*a**3 + a**2 + 4*a + 3. Let w be d(-2). What is the highest common divisor of c and w?
11
Suppose 3*c + 439 = 5*l, 0 = 2*l + 3*l + 3*c - 451. Suppose -l = -2*b + 343. Calculate the highest common factor of b and 27.
27
Suppose -2*r - 4*h - 2 = r, r + h = 0. Let b be 6/(r*(-1)/(-4)). Calculate the greatest common divisor of b and 48.
12
Suppose 0 = -3*u - 15, -4*h + 2*h = u - 41. What is the highest common divisor of 161 and h?
23
Let o = -9 - -21. Suppose 73 = p + 69. Calculate the greatest common divisor of p and o.
4
Let z be (1 - -115) + 2 + -1. Let q(k) = 14*k - 2. Let r be q(2). Suppose -j = j - r. What is the greatest common factor of j and z?
13
Suppose 5*u + 52 = j, -4*u - 46 = -2*j + 76. Suppose -3*v - t - t + j = 0, -2*v + 3*t = -36. Suppose 0*r + v = r. What is the highest common divisor of r and 7?
7
Suppose 3*r - 28 - 17 = 0. Suppose -2*w - 2*x - x + 35 = 0, -x = -w + r. What is the highest common factor of w and 128?
16
Let w(o) = o**2 + 3*o + 6. Let j be w(-5). Let k(r) = 4*r**2 + r + 3*r**3 + 0 - 2 - 6*r**2. Let f be k(2). Calculate the greatest common divisor of f and j.
16
Let u = -11 - -96. Calculate the greatest common factor of u and 34.
17
Suppose -9*f + 5 = -4*f. Suppose 2*s = -3*s, 5*v + 1605 = 4*s. Let i be v/(-4) - f/4. What is the highest common divisor of 32 and i?
16
Let v be (-6)/4*(-56)/6. Let i be (-54)/4*160/15. Let m = 256 + i. Calculate the highest common divisor of m and v.
14
Let c be 64 + -1 - 0 - -1. Suppose -2*w + 11 = 3. Suppose -w*b = -2*m + 3*m + 12, -5 = b. Calculate the greatest common divisor of m and c.
8
Let d = -13 + 5. Let i be 144/(-21)*(1 + d). What is the greatest common factor of i and 12?
12
Suppose 2*m - 3*g = m + 43, -2*g = -8. Calculate the highest common factor of m and 22.
11
Let v be -3 + -1 - (-419 + 1). Calculate the greatest common divisor of 18 and v.
18
Let x(s) = s**3 - 5*s**2 - 7*s + 12. Let z be x(6). What is the greatest common divisor of z and 6?
6
Let m be (-44)/(-33) + 4/6. Calculate the highest common divisor of m and 5.
1
Let z = -5 - -11. Let f be (15/z + -2)*6. Suppose 157 - f = 2*a. What is the greatest common divisor of 7 and a?
7
Let j = 8 + -11. Let s be j - (0 + 3 + -14). Calculate the highest common factor of s and 64.
8
Suppose -38 = -7*z + 46. Suppose 3*c = c + 48. What is the greatest common factor of z and c?
12
Let l(k) = -k**2 - 14*k + 2. Let a be l(-14). Suppose 0 = -a*d - 3*d + 5. What is the greatest common divisor of d and 5?
1
Let u(a) = a**3 + 0*a**2 - 5 + 11*a + 18*a**2 - 4*a**2. Let y be u(-13). What is the greatest common divisor of 14 and y?
7
Let z = 3 + 54. What is the highest common factor of z and 19?
19
Let a(p) = 2*p**3 - 3*p**2 - 4*p + 3. Let o be a(3). Let h(n) = -15*n. Let j be h(-6). Calculate the greatest common divisor of j and o.
18
Let g be (-9 + 7)/(2/(-72)*2). What is the highest common factor of 4 and g?
4
Let q(m) = m + 6. Let v be q(-4). Calculate the greatest common divisor of 2 and v.
2
Let u be (-180)/21*(-8 - -1). Suppose 0 = -2*x + 5*x - u. What is the greatest common divisor of 20 and x?
20
Let q be (-268)/8*-5 + (-1)/(-2). Suppose 4*i = -3*l + 92, 9 = 6*l - 5*l - 3*i. Calculate the highest common divisor of q and l.
24
Let u be (-3)/2*308/(-21). Suppose 18 = 5*l + 3. Suppose 0 = l*q + 4*t - 26, 0*q - 3*t = 3*q - 21. What is the highest common divisor of q and u?
2
Let m be ((-100)/6)/(2/(-6)). Let g(i) = i**2 + 4*i. Let c be g(-5). Calculate the highest common factor of c and m.
5
Let y = -20 + 34. Let q be (-6 + 5)/((-1)/442). Suppose q = 3*h + 5*w, -2*h = -6*h - 5*w + 596. Calculate the greatest common divisor of y and h.
14
Suppose 0 = -2*o + 81 - 9. Suppose 5*u - 67 = -7. What is the greatest common divisor of u and o?
12
Let x(n) = 16*n**2 + 2*n + 7. Let u be x(6). Suppose 0*r = -5*r + u. Suppose -3*b + 308 = r. Calculate the greatest common divisor of 9 and b.
9
Let u be (-6)/12 - 50/(-4). Let r(i) = 4*i**2 - i - 6. Let m be r(6). Calculate the greatest common divisor of u and m.
12
Suppose -5*q + 29 = 3*l, -